0111011212
-32020003210 (base 4) to base 12
-12a6b44
What is -280546 (base 9) in base 14?
-46489
What is -1000011111011100 (base 2) in base 9?
-52634
-37cc36 (base 15) to base 7
-31513011
Convert -100011110001000011110 (base 2) to base 13.
-3205b9
6c8b3 (base 15) to base 14
9025c
What is -615452 (base 7) in base 13?
-38b58
What is 38dca (base 15) in base 2?
101100011011100110
Convert 1836331 (base 9) to base 13.
29cca4
Convert 1523935 (base 12) to base 4.
100110131321
101120220220022 (base 3) to base 7
65556413
Convert 8a4a8 (base 12) to base 15.
39732
What is 35501054 (base 8) in base 15?
a36317
What is -4a1233a (base 11) in base 16?
-84f8df
Convert 4260227 (base 12) to base 4.
233323330333
Convert -7ad1a (base 16) to base 15.
-9e0cb
Convert -32233022 (base 4) to base 3.
-10001210122
Convert -433500241 (base 6) to base 12.
-2711681
4616233 (base 8) to base 10
1252507
What is 1142415 (base 6) in base 16?
eb2b
Convert -1477723 (base 8) to base 10.
-425939
Convert -35a97 (base 13) to base 6.
-2035534
Convert 122222100 (base 3) to base 15.
3d39
Convert -5255124 (base 6) to base 11.
-165741
11011010110000100 (base 2) to base 6
2222312
Convert -1121222002211 (base 3) to base 10.
-865399
Convert -a1274 (base 16) to base 2.
-10100001001001110100
127167 (base 11) to base 8
606244
Convert 1d3873 (base 14) to base 9.
1865351
Convert 74b07 (base 12) to base 13.
54c28
87b00 (base 13) to base 9
414058
Convert 2272153 (base 9) to base 3.
2022102011210
Convert 710061 (base 8) to base 11.
14a4a2
39955 (base 10) to base 11
28023
Convert -10202220121010 (base 3) to base 5.
-1003142124
5ba54 (base 13) to base 7
1301633
Convert 10014400 (base 5) to base 16.
135f6
Convert -2298842 (base 12) to base 3.
-110112221021112
Convert 3210142 (base 7) to base 16.
5efb1
What is -11414320102 (base 5) in base 6?
-1155523343
What is -108c77 (base 13) in base 14?
-a26c3
Convert 503330 (base 7) to base 15.
1a3c2
Convert -1f118b (base 16) to base 9.
-3743011
Convert 120122211211 (base 3) to base 12.
12a47a
1717523 (base 8) to base 4
1321331103
Convert -103530310 (base 6) to base 3.
-10111121211020
What is -53221 (base 13) in base 6?
-3113201
-6343116 (base 7) to base 2
-10111011010000100010
What is -304344012 (base 5) in base 14?
-246501
What is 10320011321 (base 4) in base 3?
2101221112112
What is -299d8 (base 15) in base 2?
-100000101011011101
1122021412 (base 5) to base 14
49d016
10011001101011011 (base 2) to base 6
1404135
-1011110010111000110110 (base 2) to base 16
-2f2e36
What is 1a8286 (base 13) in base 3?
1021021211022
Convert 12446431 (base 7) to base 5.
242403244
-177708 (base 10) to base 16
-2b62c
100021002022 (base 3) to base 12
89608
Convert -133997 (base 10) to base 16.
-20b6d
What is -222121303312 (base 4) in base 13?
-23c269c
Convert -7440002 (base 10) to base 9.
-14888678
What is -38525d (base 16) in base 3?
-20221112020110
What is 1834824 (base 9) in base 4?
3322300132
36a1d (base 15) to base 7
1324315
What is -122011221330 (base 4) in base 7?
-112062336
Convert 311302011 (base 6) to base 2.
10100100011101110010111
-ad749 (base 14) to base 15
-84c49
-1010010101110 (base 2) to base 13
-2543
-17761360 (base 8) to base 14
-7adb7a
Convert 11103321034 (base 5) to base 2.
101110011010011101101011
Convert -102012002221002 (base 3) to base 13.
-13027a6
Convert -525cf4 (base 16) to base 8.
-24456364
Convert 11202222100101 (base 3) to base 2.
1001101011110010000111
Convert -77b70 (base 14) to base 16.
-46e46
2880197 (base 10) to base 9
5368788
What is 351496 (base 13) in base 3?
2100222221211
What is -122544 (base 11) in base 5?
-22144043
What is 377677 (base 10) in base 16?
5c34d
What is 30ab53 (base 13) in base 4?
10111301300
-1119393 (base 10) to base 8
-4212241
-3131112122 (base 4) to base 6
-31233242
What is 5152203 (base 6) in base 15?
4d763
Convert -11101011010111100110 (base 2) to base 13.
-279a73
What is -26345a (base 11) in base 9?
-701514
What is 1c060a (base 15) in base 5?
322240420
Convert -535123 (base 8) to base 10.
-178771
-36330 (base 14) to base 11
-90481
Convert 25105154 (base 6) to base 15.
10c9bd
Convert -20020110122020 (base 3) to base 10.
-3315957
What is 1347899 (base 11) in base 10?
2323671
-2012020122022 (base 3) to base 9
-2166568
What is 1102100110 (base 3) in base 8?
66465
Convert -132007 (base 14) to base 2.
-10100000110010000111
-1010011100111110010 (base 2) to base 15
-6b744
Convert 2504045 (base 6) to base 3.
20202120002
What is 4714 (base 9) in base 11?
2699
-4401315 (base 9) to base 16
-240e42
What is -6511306 (base 7) in base 6?
-24554254
Convert 23ddad (base 15) to base 11.
a734a4
-6998064 (base 11) to base 7
-205610435
What is -712694 (base 12) in base 14?
-33dd3a
Convert 1aaa254 (base 13) to base 12.
2b68266
-186805 (base 11) to base 8
-1060642
-172418 (base 9) to base 2
-11010000100010111
739dbd (base 15) to base 9
11313827
-31012310 (base 4) to base 12
-27098
What is -17006206 (base 8) in base 4?
-33000302012
-a8106 (base 13) to base 10
-303361
-592519 (base 10) to base 15
-ba864
-1220013123 (base 5) to base 9
-5386548
What is a33773 (base 13) in base 8?
16412421
-6ef3 (base 16) to base 9
-42858
80267 (base 11) to base 8
345303
What is -111111100110100100101 (base 2) in base 16?
-1fcd25
Convert -103001000222 (base 4) to base 16.
-4c102a
302012330 (base 4) to base 10
205244
What is -10350834 (base 9) in base 13?
-105abc1
Convert -200110302 (base 4) to base 13.
-4835a
Convert b006e (base 16) to base 12.
2a92ba
What is -3316565 (base 7) in base 2?
-1100011101000110111
Convert 4793 (base 13) to base 12.
5a0b
-10213213132 (base 4) to base 15
-18db81
-3d071 (base 16) to base 15
-4e0e9
Convert 21359 (base 11) to base 16.
7940
-141855 (base 16) to base 5
-314120244
What is 30302322 (base 4) in base 5?
3134120
414339 (base 13) to base 9
2771236
10110110111010100010001 (base 2) to base 15
7d5dd0
Convert -1345215 (base 9) to base 4.
-2310111131
-90a9a (base 14) to base 7
-2646053
Convert -722721 (base 9) to base 11.
-272a44
What is 21022122000 (base 3) in base 12?
6b460
What is -c6399 (base 13) in base 16?
-570c3
2051501 (base 6) to base 7
565045
What is 396c8cb (base 13) in base 8?
104575701
-2010100 (base 6) to base 2
-10111000110110100
128635 (base 9) to base 2
10011001010111001
Convert -323341241 (base 5) to base 13.
-39746a
Convert 410256 (base 7) to base 14.
1b5d6
-270424c (base 13) to base 14
-18b2871
Convert 12b6a6 (base 13) to base 7.
3566556
What is 725516 (base 12) in base 4?
12311222202
What is -61dab9 (base 16) in base 2?
-11000011101101010111001
What is -2607a9c (base 13) in base 15?
-10a0784
What is -2583d3 (base 14) in base 15?
-1a7553
Convert 19def (base 16) to base 4.
121313233
Convert 1561101 (base 8) to base 9.
756753
What is -31310514 (base 6) in base 2?
-11011110011110101110
Convert -21301221 (base 4) to base 9.
-60830
Convert 4241729 (base 11) to base 3.
112001110201001
Convert 239ceb (base 16) to base 10.
2333931
What is -1111011111110101111010 (base 2) in base 15?
-553ae1
Convert -24a0 (base 12) to base 4.
-1000320
-d6d5 (base 15) to base 13
-178a3
40022133 (base 5) to base 8
1145273
Convert 4586038 (base 9) to base 10.
2477906
What is -32310020000 (base 4) in base 14?
-7313c4
Convert -1022313013 (base 4) to base 9.
-516551
What is -111405241 (base 6) in base 10?
-2038489
What is -4622179 (base 10) in base 7?
-54200512
-32030300 (base 4) to base 3
-2221210002
-206063 (base 9) to base 12
-5aaa9
What is -3064127 (base 8) in base 14?
-172499
Convert -10465045 (base 8) to base 2.
-1000100110101000100101
Convert 20132360 (base 7) to base 6.
55500335
What is 12039 (base 15) in base 6?
1121513
What is 11501602 (base 7) in base 8?
3723512
What is 164a4a (base 12) in base 2?
1011101001011011010
What is -4875 (base 13) in base 11?
-7766
What is -1250381 (base 9) in base 10?
-682660
Convert -3c8a99 (base 13) to base 7.
-15355134
Convert -24a82 (base 11) to base 3.
-1211020212
-5151055 (base 9) to base 12
-b07412
Convert -42201443 (base 5) to base 9.
-583404
Convert 2130204314 (base 5) to base 14.
861b6c
Convert 1100011011011101000010 (base 2) to base 14.
60b550
What is b81649 (base 13) in base 9?
8107366
Convert -1143231 (base 5) to base 10.
-21691
Convert -1155512 (base 8) to base 11.
-1a8148
48307a (base 16) to base 11
27